t u(b) = 775*b - 60440. Give u(78).
10
Let n(f) = 62*f + 24. What is n(-2)?
-100
Let n(x) = -39*x - 208. What is n(-7)?
65
Let i(s) = -31*s**2 + 14*s - 10. What is i(1)?
-27
Let b(z) = 107*z - 3845. Give b(36).
7
Let t(y) = -2*y**2 - 32*y + 3. What is t(-15)?
33
Let x(c) = -91*c + 387. Determine x(4).
23
Let u(n) = 5*n**3 + 84*n**2 - 428*n + 32. Give u(4).
-16
Let x(p) = -p**3 - 5*p**2 - 5*p + 1. Calculate x(-5).
26
Let q(v) = 4*v**3 - 26*v**2 - 40*v + 405. Determine q(7).
223
Let m(z) = -2*z**3 + 34*z**2 + 39*z - 681. Give m(17).
-18
Let r(q) = 3080*q - 30766. What is r(10)?
34
Let l(a) = -23*a**2 - 1209*a - 681. Give l(-52).
-5
Let y(k) = -146*k**2 - 137*k + 1. Determine y(-1).
-8
Let s(f) = -17589*f + 35180. Calculate s(2).
2
Let g(u) = -197*u - 1793. What is g(-9)?
-20
Let g(b) = -9*b**2 + 7*b + 10. Give g(-2).
-40
Let n(r) = 1565*r - 9376. Determine n(6).
14
Let w(m) = -120*m - 3717. Give w(-31).
3
Let k(d) = -d**2 - 804*d + 2423. Give k(3).
2
Let h(q) = -677*q - 23702. Calculate h(-35).
-7
Let x(v) = v**3 - 60*v**2 + 76*v - 1002. Give x(59).
1
Let p(i) = 32*i + 75. Calculate p(-3).
-21
Let o(v) = -50*v - 111. What is o(-6)?
189
Let m(k) = -115*k - 2234. Give m(-18).
-164
Let p(u) = -3*u**2 - 2*u + 266. Determine p(9).
5
Let d(p) = 3*p**2 + 27*p - 295. Determine d(7).
41
Let b(y) = 11*y + 261. Determine b(-33).
-102
Let p(v) = -10*v + 550. Determine p(0).
550
Let l(a) = -174*a**2 - 16*a + 16. Calculate l(1).
-174
Let j(l) = -9*l**2 + 79*l + 11. What is j(13)?
-483
Let m(a) = -18*a**2 + 61*a + 34. Determine m(8).
-630
Let g(m) = -97*m - 5456. Determine g(-56).
-24
Let t(y) = -6*y**2 + 74*y - 142. Give t(10).
-2
Let s(p) = -p**3 + 32*p**2 - 50*p + 19. Calculate s(30).
319
Let x(d) = 232*d - 19019. Calculate x(82).
5
Let a(q) = q**3 - 18*q**2 + 18*q - 25. What is a(18)?
299
Let v(w) = -81*w + 2870. What is v(35)?
35
Let l(s) = 13*s**2 - 163*s + 498. Give l(3).
126
Let j(c) = -c**3 - 5*c**2 + 223*c + 1657. Determine j(-12).
-11
Let l(b) = b**2 + 151*b - 7353. What is l(39)?
57
Let q(l) = -l**3 - 28*l**2 - 30*l - 53. Give q(-27).
28
Let k(w) = 7*w + 155. Determine k(-35).
-90
Let f(k) = -145*k + 1767. Determine f(12).
27
Let c(g) = g**2 + 137*g - 875. Determine c(6).
-17
Let j(b) = -b**2 + 371*b - 1850. Determine j(5).
-20
Let y(v) = -70*v**2 - 42*v + 86. Calculate y(2).
-278
Let u(c) = 36*c - 627. Give u(15).
-87
Let c(h) = 6*h**3 - 59*h**2 + 70*h - 843. Calculate c(10).
-43
Let j(o) = 58*o + 160. What is j(-12)?
-536
Let b(v) = -v**3 - 316*v**2 + 961*v + 1260. What is b(-319)?
-16
Let z(i) = -4*i**2 - 1952*i - 9662. Determine z(-5).
-2
Let a(y) = -2*y**2 + 42*y - 194. Determine a(14).
2
Let l(h) = h**2 - 23*h - 53. Determine l(22).
-75
Let w(d) = -2*d**2 - 34*d - 88. Calculate w(-14).
-4
Let c(r) = -r**2 + 36*r + 65. Determine c(0).
65
Let g(q) = -q**2 - 83*q + 725. Give g(8).
-3
Let v(u) = -u**2 + 235*u + 1695. Calculate v(-7).
1
Let n(a) = a**2 + 71*a + 151. Calculate n(-69).
13
Let j(x) = -x**2 - 9*x + 14. What is j(-12)?
-22
Let n(w) = -w**2 + 55*w + 1593. Calculate n(-21).
-3
Let s(j) = 61*j - 41. What is s(3)?
142
Let k(t) = t**3 - 16*t**2 + 34*t - 15. Calculate k(13).
-80
Let l(r) = 1985*r - 81383. What is l(41)?
2
Let d(x) = -x**2 - 3*x + 76. Give d(8).
-12
Let f(u) = -2*u - 872. What is f(-42)?
-788
Let y(h) = 3*h**3 + 101*h**2 + 162*h + 69. Give y(-32).
5
Let k(i) = -i**3 - 185*i**2 - 1418*i - 340. Give k(-177).
14
Let n(s) = s**3 + 4*s**2 - 8*s + 39. Calculate n(0).
39
Let y(z) = z**3 + 8*z**2 - 18*z - 35. What is y(-9)?
46
Let n(d) = 335*d + 664. Calculate n(-2).
-6
Let d(h) = -24*h - 300. Determine d(-13).
12
Let v(m) = -2*m**2 - 58*m - 30. Give v(-28).
26
Let l(q) = -q**2 + 60*q - 497. What is l(11)?
42
Let u(d) = d**3 + 43*d**2 - 61*d - 759. Give u(-44).
-11
Let o(v) = -744*v + 17807. Give o(24).
-49
Let b(i) = 2*i**3 + 45*i**2 - 19*i + 7. Calculate b(-23).
-85
Let u(v) = -442*v - 10618. What is u(-24)?
-10
Let i(h) = -7*h**2 - 18*h - 26. Calculate i(7).
-495
Let d(x) = -4*x - 8. What is d(-25)?
92
Let t(o) = 2*o**2 + 2*o - 132. What is t(-14)?
232
Let l(v) = -v**3 - 44*v**2 - 198*v - 49. What is l(-39)?
68
Let w(q) = -145*q**2 - 1. What is w(1)?
-146
Let b(n) = -220*n - 634. What is b(-4)?
246
Let t(y) = -4*y**2 + y - 2. What is t(0)?
-2
Let d(t) = -9*t**2 + 27*t + 38. What is d(4)?
2
Let h(o) = -44*o**2 - 1677*o - 198. What is h(-38)?
-8
Let s(t) = -17*t**3 + 6*t**2 - 4*t + 1. What is s(2)?
-119
Let y(o) = -157*o - 134. Determine y(-1).
23
Let m(w) = 41*w - 164. Give m(6).
82
Let g(r) = -32*r**3 - r**2 - 25*r - 57. Give g(-2).
245
Let h(w) = -2*w**3 - w + 8. Determine h(-3).
65
Let z(v) = 28*v + 34. Calculate z(-7).
-162
Let x(j) = -342*j + 122771. What is x(359)?
-7
Let w(x) = 21*x**2 - 10*x - 30. Determine w(-5).
545
Let b(h) = 39*h + 214. Determine b(-5).
19
Let f(h) = -2*h + 8. Determine f(5).
-2
Let p(c) = 30*c + 88. Determine p(-2).
28
Let h(u) = u**2 + 83*u - 785. Determine h(8).
-57
Let f(s) = 3*s**2 - 6*s - 34. Determine f(6).
38
Let j(t) = -2*t**2 + 127*t + 9751. What is j(-45)?
-14
Let k(y) = 196*y**2 - 1191*y + 77. Determine k(6).
-13
Let q(g) = -g**3 - 23*g**2 + 860*g - 4. Determine q(20).
-4
Let v(u) = u**3 - 22*u**2 + 103*u + 17. Calculate v(7).
3
Let v(n) = -63*n - 2769. Calculate v(-44).
3
Let u(h) = 977*h - 3872. Determine u(4).
36
Let b(m) = -88*m + 517. Calculate b(6).
-11
Let p(a) = a**2 + 2724*a + 16314. Calculate p(-6).
6
Let s(o) = -469*o - 10308. Determine s(-22).
10
Let z(o) = -12*o + 202. Give z(16).
10
Let f(s) = s**3 - 26*s**2 + 141*s + 57. Give f(18).
3
Let w(x) = x**3 - 38*x**2 - 115*x + 21. Determine w(41).
349
Let u(h) = h**3 - 15*h**2 - 151*h + 19. Calculate u(-7).
-2
Let n(p) = -p**2 + 123*p + 12469. Give n(-66).
-5
Let u(p) = -212*p + 2976. Give u(14).
8
Let v(c) = -c**3 - 55*c**2 - 604*c - 54. Give v(-15).
6
Let c(i) = -94*i - 1003. What is c(-13)?
219
Let j(y) = y**3 + 39*y**2 + 145*y + 176. Determine j(-35).
1
Let y(t) = 2*t**2 - 88*t - 2909. What is y(-22)?
-5
Let z(f) = 1824*f - 9115. Calculate z(5).
5
Let x(r) = 2*r**2 + 16*r + 40. Calculate x(-13).
170
Let g(t) = -275*t - 33027. Calculate g(-120).
-27
Let k(z) = 3*z**3 - 30*z**2 + 111*z - 18. Determine k(5).
162
Let l(k) = 627*k - 623. Determine l(1).
4
Let t(g) = -3743*g - 7467. What is t(-2)?
19
Let i(j) = j**3 + 21*j**2 + 75*j - 76. What is i(-16)?
4
Let u(a) = 1342*a + 9354. Give u(-7).
-40
Let r(g) = 329*g + 1309. What is r(-4)?
-7
Let a(n) = 46*n - 1541. Determine a(30).
-161
Let g(r) = -174*r**2 - 34*r + 88. Calculate g(2).
-676
Let o(f) = 230*f + 1610. Calculate o(-7).
0
Let f(o) = o**3 - 29*o**2 + 173*o - 53. Determine f(8).
-13
Let u(s) = -2*s**3 + 514*s**2 + 528*s - 3092. What is u(258)?
4
Let s(g) = 18*g**2 - 36*g. Calculate s(2).
0
Let y(t) = -431*t + 3515. Determine y(8).
67
Let i(v) = -v**3 + 12*v**2 + 37*v + 122. Determine i(15).
2
Let j(o) = -o**3 - 60*o**2 - 113*o + 167. What is j(-58)?
-7
Let y(j) = j**3 - 44*j**2 + 2*j - 19. Calculate y(44).
69
Let g(h) = -h**3 - 19*h**2 - 80*h - 21. Give g(-6).
-9
Let i(j) = -j**3 + 121*j**2 + j - 133. What is i(121)?
-12
Let g(y) = -54*y - 29. What is g(-4)?
187
Let n(i) = i**3 + i**2 - 62*i - 34. What is n(8)?
46
Let d(x) = -187*x - 114. Determine d(-5).
821
Let r(a) = 35*a + 297. Determine r(-7).
52
Let q(w) = -293*w - 1. Give q(0).
-1
Let k(h) = -h**3 + 15*h**2 - 8*h - 5. Determine k(5).
205
Let j(x) = 119*x + 1. What is j(1)?
120
Let q(d) = -25*d**2 - 10*d + 11. What is q(1)?
-24
Let z(j) = j**2 - 363*j + 8827. Calculate z(26).
65
Let m(x) = x**3 + 80*x**2 + 357*x + 4022. Determine m(-76).
-6
Let o(z) = -82*z + 6966. Calculate o(85).
-4
Let s(q) = -3*q**2 + 32*q - 111. What is s(8)?
-47
Let k(c) = c**2 + 43*c + 302. What is k(-9)?
-4
Let z(u) = 1075*u + 627. Determine z(-1).
-448
Let q(t) = 2*t + 352. What is q(-40)?
272
Let n(p) = 6*p**2 - 30*p - 17. What is n(11)?
379
Let z(h) = h**3 + 14*h**2 + 44*h - 9. Calculate z(-9).
0
Let p(h) = -h**2 + 83*h + 638. What is p(85)?
468
Let o(f) = -33*f + 2239. Determine o(68).
-5
Let t(b) = -2*b**2 - 390*b + 751. Calculate t(-197).
-37
Let w(f) = f**2 - 65*f + 250. What is w(61)?
6
Let r(v) = -3*v**2 - 376*v + 6641. What is r(-141)?
14
Let j(o) = -o**3 - 32*o**2 + 900*o - 8. Give j(-50).
-8
Let t(k) = k**2 + 117*k + 2298. Give t(